{"id":598,"date":"2022-01-12T17:08:39","date_gmt":"2022-01-12T17:08:39","guid":{"rendered":"https:\/\/dajemo.com\/?page_id=598"},"modified":"2022-01-13T17:06:29","modified_gmt":"2022-01-13T17:06:29","slug":"il-magazine","status":"publish","type":"page","link":"https:\/\/dajemo.com\/?page_id=598","title":{"rendered":"Il Magazine"},"content":{"rendered":"\n<p><img loading=\"lazy\" decoding=\"async\" width=\"150\" height=\"200\" class=\"wp-image-624\" style=\"width: 150px;\" src=\"http:\/\/dajemo.com\/wp-content\/uploads\/2022\/01\/SOLO-DRAGO.png\" alt=\"\" title=\"\" srcset=\"https:\/\/dajemo.com\/wp-content\/uploads\/2022\/01\/SOLO-DRAGO.png 1296w, https:\/\/dajemo.com\/wp-content\/uploads\/2022\/01\/SOLO-DRAGO-600x800.png 600w, https:\/\/dajemo.com\/wp-content\/uploads\/2022\/01\/SOLO-DRAGO-225x300.png 225w, https:\/\/dajemo.com\/wp-content\/uploads\/2022\/01\/SOLO-DRAGO-768x1024.png 768w, https:\/\/dajemo.com\/wp-content\/uploads\/2022\/01\/SOLO-DRAGO-1152x1536.png 1152w\" sizes=\"auto, (max-width: 150px) 100vw, 150px\" \/><strong>Daje m\u00f3\u00a0c\u2019\u00e8.<\/strong>\u00a0Era la promessa che l\u2019editore\u00a0<strong>Vairo Nulli\u00a0<\/strong>aveva fatto nell\u2019ultimo numero della scorsa stagione che la redazione defin\u00ec da Collezione. Era la prima volta che Vairo si firmava. E\u2019 stata anche l\u2019ultima perch\u00e9 di l\u00ec a poco la malattia se lo \u00e8 portato via. \u201cCi rivedremo alla prossima\u201d, scrisse.\u00a0<\/p>\n\n\n\n<p>Ebbene&nbsp;<strong>noi siamo qui con un progetto editoriale che non cambia pelle<\/strong>&nbsp;e che punta a ritagliarsi una connotazione ancor pi\u00f9 legata al sostegno della citt\u00e0, continuando ad uscire con regolarit\u00e0 in concomitanza delle gare casalinghe della&nbsp;<strong>Ternana&nbsp;<\/strong>calcio che anche quest\u2019anno partecipa al campionato di serie B seppur con una nuova societ\u00e0.<\/p>\n\n\n\n<p>Con il trascorrere del tempo&nbsp;<strong>il Magazine \u00e8 riuscito anche a spalancare finestre sugli altri sport,<\/strong>&nbsp;animando il dibattito culturale della citt\u00e0. E non era scontato. In un periodo complicato come quello che stiamo attraversando, basterebbe ci\u00f2 a valorizzare il nostro brand. La conferma arriva anche dall&#8217;accoglienza che il Magazine ad ogni stagione riscopre grazie anche agli inserzionisti che concedono la fiducia ad un prodotto editoriale sempre nuovo e fresco che ha come caratteristiche sono solo quelle di seguire la&nbsp;<strong>Ternana&nbsp;<\/strong>ma pure di focalizzare l&#8217;attenzione sugli altri sport, con uno spazio fisso dedicato alla cultura e all&#8217;attualit\u00e0 grazie ad un gruppo di collaboratori professionali.<\/p>\n\n\n\n<p>Con l&#8217;avvio del prossimo campionato<strong>&nbsp;abbiamo deciso di investire ulteriormente sul magazine cartaceo promuovendolo anche sul web e soprattutto sui social.&nbsp;<\/strong>La grafica sar\u00e0 sempre accattivante per consentire il confezionamento di un prodotto sempre pi\u00f9 appetibile e sempre pi\u00f9 attento alle questioni sportive ma anche a quelle culturali e sociali del comprensorio, cercando di promuovere e valorizzare la Ternanit\u00e0 in tutte le sue sfaccettature.<\/p>\n\n\n\n<p>Daje m\u00f3\u00a0per te e per la citt\u00e0!<\/p>\n","protected":false},"excerpt":{"rendered":"<p>Daje m\u00f3\u00a0c\u2019\u00e8.\u00a0Era la promessa che l\u2019editore\u00a0Vairo Nulli\u00a0aveva fatto nell\u2019ultimo numero della scorsa stagione che la redazione defin\u00ec da Collezione. Era la prima volta che Vairo si firmava. E\u2019 stata anche l\u2019ultima perch\u00e9 di l\u00ec&#46;&#46;&#46;<\/p>\n","protected":false},"author":1,"featured_media":0,"parent":0,"menu_order":0,"comment_status":"closed","ping_status":"closed","template":"","meta":{"_eb_attr":"","pgc_sgb_lightbox_settings":"","footnotes":""},"class_list":["post-598","page","type-page","status-publish","hentry"],"_links":{"self":[{"href":"https:\/\/dajemo.com\/index.php?rest_route=\/wp\/v2\/pages\/598","targetHints":{"allow":["GET"]}}],"collection":[{"href":"https:\/\/dajemo.com\/index.php?rest_route=\/wp\/v2\/pages"}],"about":[{"href":"https:\/\/dajemo.com\/index.php?rest_route=\/wp\/v2\/types\/page"}],"author":[{"embeddable":true,"href":"https:\/\/dajemo.com\/index.php?rest_route=\/wp\/v2\/users\/1"}],"replies":[{"embeddable":true,"href":"https:\/\/dajemo.com\/index.php?rest_route=%2Fwp%2Fv2%2Fcomments&post=598"}],"version-history":[{"count":2,"href":"https:\/\/dajemo.com\/index.php?rest_route=\/wp\/v2\/pages\/598\/revisions"}],"predecessor-version":[{"id":625,"href":"https:\/\/dajemo.com\/index.php?rest_route=\/wp\/v2\/pages\/598\/revisions\/625"}],"wp:attachment":[{"href":"https:\/\/dajemo.com\/index.php?rest_route=%2Fwp%2Fv2%2Fmedia&parent=598"}],"curies":[{"name":"wp","href":"https:\/\/api.w.org\/{rel}","templated":true}]}}

<p><img loading="lazy" decoding="async" width="150" height="200" class="wp-image-624" style="width: 150px;" src="http://dajemo.com/wp-content/uploads/2022/01/SOLO-DRAGO.png" alt="" title="" srcset="https://dajemo.com/wp-content/uploads/2022/01/SOLO-DRAGO.png 1296w, https://dajemo.com/wp-content/uploads/2022/01/SOLO-DRAGO-600x800.png 600w, https://dajemo.com/wp-content/uploads/2022/01/SOLO-DRAGO-225x300.png 225w, https://dajemo.com/wp-content/uploads/2022/01/SOLO-DRAGO-768x1024.png 768w, https://dajemo.com/wp-content/uploads/2022/01/SOLO-DRAGO-1152x1536.png 1152w" sizes="auto, (max-width: 150px) 100vw, 150px" /><strong>Daje mó c’è.</strong> Era la promessa che l’editore <strong>Vairo Nulli </strong>aveva fatto nell’ultimo numero della scorsa stagione che la redazione definì da Collezione. Era la prima volta che Vairo si firmava. E’ stata anche l’ultima perché di lì a poco la malattia se lo è portato via. “Ci rivedremo alla prossima”, scrisse. </p>



<p>Ebbene&nbsp;<strong>noi siamo qui con un progetto editoriale che non cambia pelle</strong>&nbsp;e che punta a ritagliarsi una connotazione ancor più legata al sostegno della città, continuando ad uscire con regolarità in concomitanza delle gare casalinghe della&nbsp;<strong>Ternana&nbsp;</strong>calcio che anche quest’anno partecipa al campionato di serie B seppur con una nuova società.</p>



<p>Con il trascorrere del tempo&nbsp;<strong>il Magazine è riuscito anche a spalancare finestre sugli altri sport,</strong>&nbsp;animando il dibattito culturale della città. E non era scontato. In un periodo complicato come quello che stiamo attraversando, basterebbe ciò a valorizzare il nostro brand. La conferma arriva anche dall&#8217;accoglienza che il Magazine ad ogni stagione riscopre grazie anche agli inserzionisti che concedono la fiducia ad un prodotto editoriale sempre nuovo e fresco che ha come caratteristiche sono solo quelle di seguire la&nbsp;<strong>Ternana&nbsp;</strong>ma pure di focalizzare l&#8217;attenzione sugli altri sport, con uno spazio fisso dedicato alla cultura e all&#8217;attualità grazie ad un gruppo di collaboratori professionali.</p>



<p>Con l&#8217;avvio del prossimo campionato<strong>&nbsp;abbiamo deciso di investire ulteriormente sul magazine cartaceo promuovendolo anche sul web e soprattutto sui social.&nbsp;</strong>La grafica sarà sempre accattivante per consentire il confezionamento di un prodotto sempre più appetibile e sempre più attento alle questioni sportive ma anche a quelle culturali e sociali del comprensorio, cercando di promuovere e valorizzare la Ternanità in tutte le sue sfaccettature.</p>



<p>Daje mó per te e per la città!</p>

<p>Daje mó c’è. Era la promessa che l’editore Vairo Nulli aveva fatto nell’ultimo numero della scorsa stagione che la redazione definì da Collezione. Era la prima volta che Vairo si firmava. E’ stata anche l’ultima perché di lì&#46;&#46;&#46;</p>
